t is 7046373 - 2?
7046371
In base 13, what is -10 + c6c12?
c6c02
In base 6, what is -20 + -2014432?
-2014452
In base 10, what is -2140876 - -271?
-2140605
In base 2, what is -100011111010010010110 + 1?
-100011111010010010101
In base 15, what is 1e26c - 179?
1e0e3
In base 9, what is -406851 + 47?
-406803
In base 15, what is 17d19 + -b0?
17c59
In base 12, what is 6 - -25428b1?
25428b7
In base 8, what is -30 + -1541472?
-1541522
In base 5, what is 32 + 143212133?
143212220
In base 16, what is 114c + 13e1b?
14f67
In base 2, what is 110000001000111001101111 + -1?
110000001000111001101110
In base 6, what is 1541 + -320454?
-314513
In base 14, what is 52d31a - 270?
52d08a
In base 5, what is 10220 + 120320143?
120330413
In base 12, what is 134809 - 45a?
13436b
In base 16, what is 348c7e - 2c?
348c52
In base 6, what is 5210255 - 1520?
5204335
In base 14, what is -20cc - -19d?
-1d2d
In base 2, what is 10 - -101101011111001111100001?
101101011111001111100011
In base 11, what is -1 + 5724262?
5724261
In base 12, what is -12bb2856 + -1?
-12bb2857
In base 4, what is -1002011 + -1302313?
-2310330
In base 6, what is 150212534 + 24?
150213002
In base 5, what is 1342122 - 111422?
1230200
In base 8, what is -1 - 1477406?
-1477407
In base 12, what is a - 852b90?
-852b82
In base 12, what is -3 + 2b6075b?
2b60758
In base 5, what is -140224224 - 121?
-140224400
In base 8, what is -21201521 - 22?
-21201543
In base 14, what is -55c + -1da431?
-1da98d
In base 10, what is -1 - -2495583?
2495582
In base 14, what is 2d6b - -1b486?
20413
In base 2, what is -10000010100010 - -10111101000?
-1101010111010
In base 13, what is 4 + 44124?
44128
In base 5, what is -10 - 304130030110?
-304130030120
In base 14, what is -154 + -bdb7d?
-bdcd3
In base 13, what is -11c6268 + 36?
-11c6232
In base 15, what is 1a72 + 5c8?
214a
In base 4, what is 31330 + -11330231?
-11232301
In base 4, what is -13000223201131 + 12?
-13000223201113
In base 5, what is 10440 + -14233010?
-14222020
In base 12, what is 2 + a9ab351?
a9ab353
In base 7, what is -235656 + -3426?
-242415
In base 12, what is -160 - -747?
5a7
In base 15, what is a - -2abbe?
2abc9
In base 3, what is 1 + 22002101102202022?
22002101102202100
In base 16, what is -12 - 243e885?
-243e897
In base 12, what is 11691 + 16b4?
13185
In base 5, what is -343 + 241221?
240323
In base 8, what is 0 + -22230011?
-22230011
In base 14, what is b - 129a15a?
-129a14d
In base 10, what is 7315395 + -1?
7315394
In base 5, what is -11123301243 + 2?
-11123301241
In base 16, what is -3a4671 + -3?
-3a4674
In base 5, what is -3 - -44330402302?
44330402244
In base 15, what is 8 - -44dc34?
44dc3c
In base 16, what is 3 - d905a?
-d9057
In base 14, what is -867d + -44d?
-8acc
In base 7, what is -306 + 40234?
36625
In base 10, what is -1210 - -24641?
23431
In base 11, what is 4 - 5486304?
-5486300
In base 10, what is 75 - 88014?
-87939
In base 10, what is -28961380 - 5?
-28961385
In base 11, what is -758439 - -7?
-758432
In base 12, what is 14915 - 217?
146ba
In base 10, what is -403413673 - 1?
-403413674
In base 16, what is -129ff1e - -2?
-129ff1c
In base 5, what is -4204201 + 1000?
-4203201
In base 13, what is -cc84c9b - -2?
-cc84c99
In base 9, what is -8610 - -564?
-8035
In base 5, what is -1201441204403 - -2?
-1201441204401
In base 8, what is -56565 + -460?
-57245
In base 11, what is -122 - 663489?
-663600
In base 5, what is -13 - -104434003140?
104434003122
In base 10, what is -2019 + -538?
-2557
In base 16, what is b - -4a1e0?
4a1eb
In base 7, what is -224 - 14106545?
-14110102
In base 13, what is b - 5a61b9?
-5a61ab
In base 14, what is -536 - c384?
-c8ba
In base 5, what is 4223231402444 - -2?
4223231403001
In base 6, what is 44550004330 - 11?
44550004315
In base 12, what is -3 + 21670099?
21670096
In base 13, what is -11 + -172142b?
-172143c
In base 12, what is 4 - -4a956?
4a95a
In base 2, what is 10111000010 - -1001001001110?
1100000010000
In base 7, what is 2136560 + -2?
2136555
In base 7, what is 51 + -4251521?
-4251440
In base 16, what is f01d + c?
f029
In base 15, what is -54d1 + 122?
-53ae
In base 2, what is -10 + 100110000001111000110000?
100110000001111000101110
In base 7, what is -63421503 - 1?
-63421504
In base 6, what is -5 + 224515432?
224515423
In base 8, what is 410171 + 126?
410317
In base 4, what is 2011002 - 30333?
1320003
In base 11, what is 99 - 132133?
-132045
In base 3, what is 10 + -2120001122012?
-2120001122002
In base 16, what is -909 + -32?
-93b
In base 12, what is -5 + 3952780?
3952777
In base 7, what is -12565 - -2602?
-6663
In base 13, what is 12060b10 - -3?
12060b13
In base 7, what is 12 + 221302662?
221303004
In base 3, what is 12 - 1110022120212202?
-1110022120212120
In base 12, what is -59672779 + 5?
-59672774
In base 13, what is -4 - -10608ac?
10608a8
In base 6, what is -4 - -51232310?
51232302
In base 16, what is 611d5d + -62?
611cfb
In base 8, what is 54 + -1220064?
-1220010
In base 14, what is -95c2 - 397?
-9979
In base 10, what is 42 + 149462?
149504
In base 16, what is -766526 + 13?
-766513
In base 13, what is -260ab18 + 2?
-260ab16
In base 8, what is 2757470 - -5?
2757475
In base 13, what is 6814a31 - 0?
6814a31
In base 12, what is -3 - -799b7641?
799b763a
In base 10, what is 241557 + -47?
241510
In base 12, what is 1 + -1190a475?
-1190a474
In base 7, what is 3 + 666126651?
666126654
In base 9, what is -728 + -735313?
-736142
In base 10, what is 134 + 2367578?
2367712
In base 9, what is -17 + -3448318?
-3448336
In base 4, what is -3 + 203000020232?
203000020223
In base 15, what is 1 + -ee18297?
-ee18296
In base 12, what is 4a78 + -5?
4a73
In base 14, what is 2296 + -65c?
1a38
In base 10, what is -4 + -4705075?
-4705079
In base 10, what is 4 - -17504431?
17504435
In base 7, what is -3351055 - -2?
-3351053
In base 10, what is 12603856 - 0?
12603856
In base 5, what is -21 + -11001013223?
-11001013244
In base 5, what is 424 + 1220221222?
1220222201
In base 6, what is 23341 - -544?
24325
In base 13, what is b + -27b3b8?
-27b3aa
In base 2, what is -11010010010 + 110101011000000001?
110100111101101111
In base 4, what is 30012 + -1131000?
-1100322
In base 3, what is -121001000111221012 + 11?
-121001000111221001
In base 9, what is -20232 - 507?
-20740
In base 4, what is -2 - 12201230313?
-12201230321
In base 4, what is -31222 + -13112032?
-13203320
In base 12, what is -14 + -148847?
-14885b
In base 5, what is -1021303232 - -203?
-1021303024
In base 16, what is -4a3 - -f914?
f471
In base 15, what is -14 - 298e8e?
-298ea3
In base 14, what is 1561 - 37d7?
-2276
In base 10, what is -57935 + 569?
-57366
In base 8, what is 134603 + -467?
134114
In base 15, what is -7 - -1bdc5b?
1bdc54
In base 3, what is -12111001011102 + -10?
-12111001011112
In base 10, what is 46822315 + 2?
46822317
In base 10, what is 1475688 - -1?
1475689
In base 2, what is -10000100001101001 - -1100011?
-10000100000000110
In base 10, what is 51 - 322091?
-322040
In base 13, what is 22737 + -2ac?
22458
In base 8, what is -270607 - -1012?
-267575
In base 4, what is -23220123110 + 2232?
-23220120212
In base 4, what is 3010 + 12230102?
12233112
In base 11, what is 28a4196 - -2?
28a4198
In base 8, what is 10 - 310541476?
-310541466
In base 7, what is 2522212 + -1?
2522211
In base 2, what is -1000110010001 + 100010111000?
-100011011001
In base 16, what is -41 - -6cadb?
6ca9a
In base 10, what is 1600293933 + -3?
1600293930
In base 6, what is -530342 + -1513?
-532255
In base 11, what is -4764 + 79859?
750a5
In base 7, what is 6265101 - 11?
6265060
In base 11, what is 6 + 1340699?
13406a4
In base 5, what is 0 + 4032140233?
4032140233
In base 3, what is 2202 + -200211120212?
-200211111010
In base 11, what is -273878 - 0?
-273878
In base 11, what is 4 - 14a67790?
-14a67787
In base 16, what is 61 - 39572d?
-3956cc
In base 11, what is -14 + 84737?
84723
In base 14, what is -374b - -1007?
-2744
In base 12, what is -3 + -a31a786?
-a31a789
In base 7, what is -3254335324 + 2?
-3254335322
In base 4, what is 20102123201 - -1000?
20102130201
In base 2, what is 101011100000110010101 - 101000110?
101011100000001001111
In base 5, what is 41224121414 + 104?
41224122023
In base 14, what is 0 + -11006d4?
-11006d4
In base 4, what is 1322232 + -2101120?
-112222
In base 12, what is 32 - -1a24